mainder when 6434850 is divided by 14175?
13575
Calculate the remainder when 759984 is divided by 508.
16
What is the remainder when 3179020 is divided by 597?
592
What is the remainder when 145203 is divided by 18?
15
What is the remainder when 12800 is divided by 3194?
24
Calculate the remainder when 356506304 is divided by 60.
44
What is the remainder when 231358 is divided by 19168?
1342
What is the remainder when 184583 is divided by 89803?
4977
Calculate the remainder when 3454810 is divided by 108.
106
Calculate the remainder when 63465 is divided by 12692.
5
What is the remainder when 120649 is divided by 25?
24
What is the remainder when 2554632 is divided by 4330?
4262
Calculate the remainder when 1755941 is divided by 5665.
5456
Calculate the remainder when 13804 is divided by 4071.
1591
What is the remainder when 356346 is divided by 2408?
2370
What is the remainder when 53955997 is divided by 3597066?
7
Calculate the remainder when 30445 is divided by 591.
304
Calculate the remainder when 939005 is divided by 187797.
20
What is the remainder when 442312041 is divided by 2308?
2305
Calculate the remainder when 1433537 is divided by 47.
37
Calculate the remainder when 74690987 is divided by 24896993.
8
What is the remainder when 11206216 is divided by 20?
16
What is the remainder when 7325018 is divided by 11?
8
What is the remainder when 250457 is divided by 7851?
7076
Calculate the remainder when 282793214 is divided by 15.
14
What is the remainder when 156840 is divided by 26101?
234
Calculate the remainder when 388729 is divided by 64558.
1381
Calculate the remainder when 149562618 is divided by 24.
18
Calculate the remainder when 1856348 is divided by 5031.
4940
What is the remainder when 26254 is divided by 13045?
164
Calculate the remainder when 22615 is divided by 2790.
295
What is the remainder when 280376 is divided by 12187?
75
What is the remainder when 109699420 is divided by 1534?
12
What is the remainder when 293390 is divided by 679?
62
What is the remainder when 1911331 is divided by 1849?
1314
What is the remainder when 384607 is divided by 128186?
49
What is the remainder when 11778 is divided by 10237?
1541
What is the remainder when 38520741 is divided by 79098?
15
Calculate the remainder when 583065 is divided by 3577.
14
What is the remainder when 1247902 is divided by 1276?
1250
Calculate the remainder when 4335745 is divided by 738.
733
What is the remainder when 753374 is divided by 83694?
128
What is the remainder when 935741 is divided by 1035?
101
What is the remainder when 109149 is divided by 7172?
1569
What is the remainder when 3957226 is divided by 791443?
11
Calculate the remainder when 156584 is divided by 131.
39
Calculate the remainder when 19526193 is divided by 219.
153
Calculate the remainder when 23016 is divided by 2867.
80
What is the remainder when 19673 is divided by 1963?
43
What is the remainder when 747616 is divided by 1703?
1702
What is the remainder when 92787 is divided by 2292?
1107
Calculate the remainder when 23873543 is divided by 23.
3
Calculate the remainder when 8344616 is divided by 1793.
1787
Calculate the remainder when 632652 is divided by 30125.
27
Calculate the remainder when 462890 is divided by 77145.
20
Calculate the remainder when 567261 is divided by 1550.
1511
Calculate the remainder when 1576270 is divided by 26.
20
Calculate the remainder when 108338 is divided by 13070.
3778
What is the remainder when 913187701 is divided by 6047?
6043
Calculate the remainder when 1783263 is divided by 50950.
13
What is the remainder when 3641603 is divided by 1213411?
1370
Calculate the remainder when 6826156 is divided by 631.
629
What is the remainder when 148234 is divided by 3102?
2440
Calculate the remainder when 12613588 is divided by 165.
163
What is the remainder when 28826 is divided by 7080?
506
Calculate the remainder when 476533 is divided by 6630.
5803
What is the remainder when 14559474 is divided by 12349?
3
What is the remainder when 1591824 is divided by 1811?
1766
Calculate the remainder when 153509268 is divided by 373.
372
What is the remainder when 12537550 is divided by 1316?
18
What is the remainder when 536165 is divided by 536141?
24
Calculate the remainder when 3804094 is divided by 6721.
8
Calculate the remainder when 30813 is divided by 285.
33
Calculate the remainder when 12994 is divided by 1362.
736
Calculate the remainder when 11134104 is divided by 130.
124
What is the remainder when 18269025 is divided by 2655?
2625
Calculate the remainder when 1921856 is divided by 483.
482
What is the remainder when 249158371 is divided by 102?
13
Calculate the remainder when 25055854 is divided by 1608.
1606
What is the remainder when 1137331 is divided by 14041?
10
Calculate the remainder when 313792257 is divided by 9485.
2
Calculate the remainder when 15636948 is divided by 55.
8
Calculate the remainder when 112477 is divided by 14043.
133
What is the remainder when 42212914 is divided by 45?
34
What is the remainder when 481927067 is divided by 1138?
1137
What is the remainder when 1050292 is divided by 45660?
112
Calculate the remainder when 1671890 is divided by 57.
23
What is the remainder when 4417941 is divided by 261?
255
What is the remainder when 4603997 is divided by 200?
197
What is the remainder when 5078613 is divided by 3544?
61
Calculate the remainder when 3406460 is divided by 2544.
44
Calculate the remainder when 73313445 is divided by 52.
49
What is the remainder when 24988997 is divided by 19?
7
Calculate the remainder when 11406852 is divided by 302.
10
What is the remainder when 72069934 is divided by 795?
4
Calculate the remainder when 12830437 is divided by 1405.
1382
What is the remainder when 277989 is divided by 642?
3
Calculate the remainder when 1299034 is divided by 216498.
46
Calculate the remainder when 2768040 is divided by 477.
9
Calculate the remainder when 2125934 is divided by 246.
2
What is the remainder when 3335187 is divided by 208449?
3
What is the remainder when 28888339 is divided by 1813?
1810
What is the remainder when 130299449 is divided by 65149722?
5
Calculate the remainder when 2143189 is divided by 228.
217
What is the remainder when 16945264 is divided by 53?
51
What is the remainder when 3269282 is divided by 45403?
266
Calculate the remainder when 3186021 is divided by 16.
5
Calculate the remainder when 1879812 is divided by 2530.
22
What is the remainder when 433788 is divided by 54027?
1572
What is the remainder when 92490461 is divided by 58?
7
What is the remainder when 47429 is divided by 288?
197
Calculate the remainder when 262863 is divided by 11944.
95
What is the remainder when 1129495 is divided by 1233?
67
Calculate the remainder when 2131386 is divided by 56.
26
What is the remainder when 27180 is divided by 2702?
160
What is the remainder when 269357 is divided by 2558?
767
Calculate the remainder when 623629 is divided by 5154.
5149
Calculate the remainder when 220643 is divided by 85.
68
What is the remainder when 1755591 is divided by 1109?
44
Calculate the remainder when 41181 is divided by 1473.
1410
What is the remainder when 24013762 is divided by 246?
226
Calculate the remainder when 11355211 is divided by 120800.
11
What is the remainder when 172006 is divided by 527?
204
What is the remainder when 13651044 is divided by 1950113?
253
What is the remainder when 443914 is divided by 8704?
10
Calculate the remainder when 425291135 is divided by 217.
213
What is the remainder when 266527 is divided by 2781?
2332
What is the remainder when 324171 is divided by 79849?
4775
What is the remainder when 141583 is divided by 775?
533
Calculate the remainder when 28419198 is divided by 2258.
10
Calculate the remainder when 21224473 is divided by 5306076.
169
Calculate the remainder when 6204251 is divided by 31.
4
Calculate the remainder when 1861749 is divided by 625.
499
What is the remainder when 174148 is divided by 1474?
216
What is the remainder when 3879 is divided by 1355?
1169
What is the remainder when 1627804 is divided by 327?
325
Calculate the remainder when 39748 is divided by 27.
4
Calculate the remainder when 1985678 is divided by 36.
26
What is the remainder when 300